 -1. What is the tens digit of 0 - v*(12 - 2)?
1
What is the tens digit of (((-1330)/4)/5)/(8/(-16))?
3
Let l(i) = i**3 + 11*i**2 - 5*i + 18. What is the units digit of l(-11)?
3
What is the units digit of 58*(1 - 3/6)?
9
Suppose 0 = -3*j + 5 + 4. Suppose 4*v = j*v - 2, 4*v = -3*i - 5. What is the units digit of i?
1
Let n(l) = 6*l**3 + 11*l**2 + 6*l - 1. Let b(m) = -7*m**3 - 12*m**2 - 7*m. Let r(d) = 5*b(d) + 6*n(d). What is the tens digit of r(-5)?
1
Let c(f) = -f**3 - 6*f**2 - 6*f - 8. Let a be (5/(-10))/(1/12). What is the tens digit of c(a)?
2
Let d be 30 + (2 - (0 - 0)). Suppose -2*j - 2*j + d = 0. What is the units digit of j?
8
Suppose -3*m = -4*y - 52, 2*m - y - 28 = 3*y. Suppose 0 = 3*v + v - m. What is the units digit of v?
6
Let w be (-14)/7*3/2. Let u(r) = 2*r**2 - 4*r - 2. What is the units digit of u(w)?
8
Let l(v) = 3*v - 7. Let z be l(6). Suppose -3*q + z = -n, 0 = -q + 2*n - 0*n - 3. Suppose -q*w + 1 = -29. What is the units digit of w?
6
Let x(u) = -u**2 + u**2 - u**2 + 4 - 13*u. What is the units digit of x(-13)?
4
Let d = 25 + 39. Suppose 0 = 3*f - 3*p - 51, -4*f + 3*p + 3 + d = 0. Let w = f - 10. What is the units digit of w?
6
Suppose -j + 5*a = 6 - 44, 0 = -3*j + 5*a + 124. Suppose 0 = -5*n + 4*m - 0*m + j, 5*n - m = 52. What is the units digit of n?
1
Let s be (-9 - (-6 + 3))/1. Let t(m) = 5*m - 5*m + m + 8. What is the units digit of t(s)?
2
Suppose -4*j - 8 - 12 = 0, -4*j = -5*s + 40. Suppose -m - 3*h = -1, 2*h - 2 = -m - 2*h. What is the units digit of s/6*(-9)/m?
3
Let i(t) = -t**3 - t**2 - 11*t**3 - 6*t**3. What is the tens digit of i(-1)?
1
Let k be (-18)/6*(-8)/(-6). Let j = k - -9. What is the units digit of j?
5
Suppose 0*n + 3 = n. Let c = 7 - n. What is the units digit of c?
4
Let p = 38 + -18. Suppose -j - 2*j - k = -47, -4*k = -p. What is the tens digit of j?
1
Let x = 1 + 1. Suppose -t - 14 = -2*k, t - x*t = 3*k - 11. What is the units digit of k?
5
Let c(l) be the second derivative of l**5/20 - 13*l**4/12 + 7*l**3/3 - 4*l**2 + 2*l. What is the tens digit of c(12)?
1
Let r = -3 + 5. Suppose -3*d - 42 = -4*d. Suppose -d - r = -4*j. What is the units digit of j?
1
Let b(q) = 9*q - 30. What is the units digit of b(6)?
4
Let s = 13 - 19. Let b be ((-2)/6)/(1/s). Suppose 14 = b*v + 5*z, -v + 6*v - 3*z = 4. What is the units digit of v?
2
Suppose -2*g = w - 20, -27 + 115 = 5*w + 4*g. Let c = w + -4. What is the tens digit of c?
1
Suppose 1 - 5 = 4*v. Let a = v - -5. Let z(g) = g**2 - 2*g - 1. What is the units digit of z(a)?
7
Let x = 12 - 28. Let c = 22 + x. What is the units digit of c?
6
Let r = 19 + -1. Suppose 2*g + 2 = -5*m, 0 = -4*g - 2*m + 10 + r. What is the units digit of g?
9
Let t(n) = -n. Let u be t(-3). Suppose -138 = -4*k + 5*c, 3*k - u*c = 36 + 69. Suppose -38 = -5*w + k. What is the units digit of w?
5
Let k(w) = 12*w - 8. Let b be k(6). Suppose b + 6 = 5*i. What is the tens digit of i?
1
Suppose -3*w + 3*q + 354 = 0, 4*q - 5 - 3 = 0. What is the tens digit of w?
2
Suppose -r - 41 = 5*m, -3*m + 0*m = 2*r + 26. Let g = 1 - m. Let s(v) = -v**2 + 8*v + 11. What is the units digit of s(g)?
2
Suppose 0 = 5*u - 13 - 2. Suppose -2*t - u*i = 12, 3*i = t - 2*t - 12. Suppose y + y + 40 = 2*r, t = r + 3*y - 4. What is the units digit of r?
6
What is the units digit of 236/(16/4)*(-1 - -4)?
7
Suppose 4*b = 5 + 11. Let n be b/4*(4 + 1). Suppose 14 = 4*l - 2*i, -2*i = 2*l - n*l + 13. What is the units digit of l?
1
Let g(a) = -a - 22. Let k be g(0). Suppose 3*x = 6 + 102. Let n = x + k. What is the units digit of n?
4
Suppose -l + 3*z + 58 = 0, l + 2*z - 19 - 24 = 0. What is the tens digit of l?
4
Let s(n) = -n**3 - 8*n**2 - 6*n - 4. Let x be s(-8). Suppose -x = 4*v - 132. What is the tens digit of v?
2
Suppose -5*g + 0*d - 40 = -5*d, 0 = g + 2*d + 2. Let y(w) = 4*w - 2 - 3*w - 3*w - 5. What is the units digit of y(g)?
5
Let p(r) = -r**2 + 9*r - 8. Let w = -12 - -19. Let d be p(w). Suppose 2*h = 3*s + 21 - d, 4*s + 14 = 2*h. What is the units digit of h?
9
Let f(r) = r**2 + 9*r + 12. Let p be f(-8). What is the units digit of -37*p/(-4) - 3?
4
Let s(c) = -3*c**2 - 11*c + 2. Let f(t) = 4*t**2 + 12*t - 1. Let y(h) = -4*f(h) - 5*s(h). Let m = 10 + -6. What is the units digit of y(m)?
6
Let g(l) = -4*l - 1. Let d be g(-1). Suppose -2*k = d*h - 31, 2*h = 4*k - 3*h - 117. What is the units digit of k?
3
Suppose 0 = -3*d - d + 4. Let p = -2 + d. What is the units digit of -2*((-2)/p - 3)?
2
Suppose 0 = -3*r + r + 24. What is the units digit of r?
2
Let z(q) = 19*q**2 + q - 1. Let g be z(1). Let r(c) = 4*c**2 + c - 1. Let p be r(1). Suppose -p*l + 37 + g = 0. What is the units digit of l?
4
Suppose 0 = -2*l + 5*w + 73, l - 79 = -l - w. What is the units digit of l?
9
Suppose -32 = 2*g - 128. What is the tens digit of g?
4
Let a be 117/5 - 4/10. Suppose d = q + 22 + 1, 2*q - a = -d. What is the tens digit of d?
2
What is the units digit of (-3)/(-6)*4*4?
8
Let m(l) = 10*l**3 - 2*l**2 + 2*l - 1. Let s be m(2). Suppose -2*p + 2*o + 76 = 0, s + 83 = 4*p - 2*o. What is the tens digit of p?
4
Let n(r) = -r - 1. Let h be n(-3). Let g = h + 0. What is the units digit of g?
2
Let a(l) = -27*l - 19. What is the tens digit of a(-4)?
8
Let c = 16 + -8. What is the units digit of c?
8
Suppose n + 3*w - 78 = 0, 18 + 336 = 5*n + 3*w. What is the units digit of n?
9
Let u(f) = 11*f. What is the tens digit of u(1)?
1
Let m = 34 + -23. Suppose -o + 4*w = -1 + 2, 0 = -3*o - w + 23. Let s = m - o. What is the units digit of s?
4
Suppose 5*c - 8 = n, 3*n - 3 = -c + 5. Suppose -x - 42 = -n*x. What is the units digit of x?
2
Let x be 5*2*6/(-20). What is the tens digit of ((-2)/5)/(x/105)?
1
Suppose 9*v - 4*v = -75. Suppose 0*t = -5*s + 4*t - 52, 3*t = 9. Let i = s - v. What is the units digit of i?
7
Let p(n) = n**3 - 7*n**2 + 2*n - 4. Let c be p(6). Let b be (-3)/(-9) + c/(-6). Suppose 0 = b*a + 1 - 16, -18 = -3*l - 3*a. What is the units digit of l?
3
Suppose 2*r - 2*h = -4, -4*r + 8*r + 9 = 5*h. Let p(f) = -8*f**3 + 2*f**2 + f. What is the units digit of p(r)?
9
Let u be (-1)/1*8/(-2). Suppose -p - 3*p = -u. Let n = 1 + p. What is the units digit of n?
2
Suppose 0 = 2*q + 3*q - 15. Suppose -53 + 2 = -q*o. What is the units digit of o?
7
Let w be (4/(-6))/(10/(-75)). Suppose 5*g = -2*d - 25, 0 + w = -g. Suppose -4*p - 2*z + 36 = d, -17 = -p - 5*z + 10. What is the units digit of p?
7
Let y(o) be the second derivative of 3*o**3/2 - o**2/2 - o. Let k be ((-1)/(-3))/(4/12). What is the units digit of y(k)?
8
Let p = 64 - 24. What is the tens digit of p?
4
Let k(q) = q**2 - q + 1. Let v be k(1). What is the tens digit of 10/1 - (-1)/v?
1
Let n(b) = -9*b - 3. Let d(f) = f**2 + f. Let c be d(-1). Suppose -6 - 1 = t + o, c = -4*t + 2*o + 2. What is the units digit of n(t)?
5
Let o(m) = 2*m + 11. What is the units digit of o(-5)?
1
Let j be (-3)/2*8/(-12). What is the tens digit of (j + 2)/(6/28)?
1
Suppose 0*r - 24 = -2*r. What is the tens digit of 9/(-6)*(-208)/r?
2
Let w = -12 - -56. What is the units digit of w?
4
Suppose -3*d = -f + 20, 4*f - 4*d + 5*d = 54. What is the units digit of f?
4
What is the units digit of (4 + -2 - 0)/(10/285)?
7
Suppose 4*i + 18 = -k, 2*i + 20 = 9*k - 4*k. Let b(p) be the second derivative of p**4/4 - p**2 - 10*p. What is the tens digit of b(k)?
1
Suppose 139*i = 134*i + 775. What is the hundreds digit of i?
1
Let y = -47 + 88. What is the tens digit of y?
4
Let p = 0 - -2. Suppose 0 = 3*s - 5*s - p. What is the units digit of (s + 2)*0 - -9?
9
Let r(n) = -3*n**3 - 2*n**2 - 2. Suppose 3*w + 5 + 1 = 0. What is the units digit of r(w)?
4
Let p(i) = -14*i + 7. Let y be p(-5). Suppose 0 = 2*w - 3*l - y + 232, -3*l = w + 73. What is the tens digit of w/(-6) - 2/3?
1
What is the units digit of 0 - -2 - 2 - 1*-8?
8
Suppose -8*u = -7*u - 39. What is the units digit of u?
9
Let s = 6 + -3. Suppose -4*p + 10 + 10 = 0. Suppose -2*a + 0*l + p*l = -7, -s*a + 5*l = -8. What is the units digit of a?
1
Let r(q) be the first derivative of -q**4/4 + q**3 + 5*q**2/2 - 3*q + 1. What is the tens digit of r(3)?
1
What is the units digit of (328/(-12))/((-4)/6)?
1
What is the units digit of (1/3)/(3/36)?
4
Suppose 5*r + 91 = 2*i, -47 = -4*i + 3*i + 4*r. What is the tens digit of i?
4
Let c = 11 - -32. What is the tens digit of 